y 32.
27
Calculate the remainder when 6 is divided by 4.
2
Calculate the remainder when 587 is divided by 194.
5
Calculate the remainder when 558 is divided by 339.
219
What is the remainder when 247 is divided by 9?
4
What is the remainder when 1472 is divided by 67?
65
Calculate the remainder when 75 is divided by 16.
11
Calculate the remainder when 122 is divided by 32.
26
What is the remainder when 691 is divided by 37?
25
What is the remainder when 592 is divided by 39?
7
What is the remainder when 1727 is divided by 72?
71
Calculate the remainder when 12209 is divided by 222.
221
What is the remainder when 30 is divided by 8?
6
What is the remainder when 165 is divided by 16?
5
What is the remainder when 150 is divided by 38?
36
What is the remainder when 1010 is divided by 125?
10
Calculate the remainder when 440 is divided by 40.
0
Calculate the remainder when 324 is divided by 21.
9
Calculate the remainder when 1730 is divided by 573.
11
Calculate the remainder when 402 is divided by 27.
24
What is the remainder when 18911 is divided by 96?
95
Calculate the remainder when 172 is divided by 46.
34
Calculate the remainder when 328 is divided by 47.
46
Calculate the remainder when 328 is divided by 18.
4
Calculate the remainder when 100 is divided by 30.
10
Calculate the remainder when 62 is divided by 19.
5
What is the remainder when 764 is divided by 65?
49
Calculate the remainder when 609 is divided by 103.
94
Calculate the remainder when 217 is divided by 207.
10
Calculate the remainder when 509 is divided by 44.
25
Calculate the remainder when 145 is divided by 80.
65
What is the remainder when 924 is divided by 417?
90
Calculate the remainder when 1131 is divided by 25.
6
Calculate the remainder when 3595 is divided by 7.
4
What is the remainder when 2803 is divided by 46?
43
What is the remainder when 267 is divided by 124?
19
What is the remainder when 101 is divided by 58?
43
What is the remainder when 134 is divided by 77?
57
Calculate the remainder when 91 is divided by 31.
29
What is the remainder when 180 is divided by 47?
39
Calculate the remainder when 790 is divided by 18.
16
Calculate the remainder when 508 is divided by 252.
4
What is the remainder when 2022 is divided by 135?
132
What is the remainder when 11852 is divided by 312?
308
What is the remainder when 78 is divided by 20?
18
Calculate the remainder when 307 is divided by 14.
13
Calculate the remainder when 23 is divided by 5.
3
What is the remainder when 885 is divided by 69?
57
Calculate the remainder when 3269 is divided by 13.
6
Calculate the remainder when 322 is divided by 58.
32
Calculate the remainder when 1098 is divided by 211.
43
Calculate the remainder when 262 is divided by 44.
42
Calculate the remainder when 236 is divided by 47.
1
What is the remainder when 538 is divided by 39?
31
Calculate the remainder when 6084 is divided by 25.
9
Calculate the remainder when 65 is divided by 19.
8
Calculate the remainder when 433 is divided by 7.
6
Calculate the remainder when 1311 is divided by 18.
15
What is the remainder when 642 is divided by 43?
40
Calculate the remainder when 38357 is divided by 8.
5
Calculate the remainder when 1484 is divided by 1478.
6
What is the remainder when 220 is divided by 25?
20
What is the remainder when 117 is divided by 54?
9
What is the remainder when 2673 is divided by 60?
33
What is the remainder when 610 is divided by 108?
70
What is the remainder when 1164 is divided by 577?
10
What is the remainder when 29 is divided by 22?
7
Calculate the remainder when 692 is divided by 58.
54
Calculate the remainder when 12187 is divided by 44.
43
Calculate the remainder when 453 is divided by 51.
45
Calculate the remainder when 59 is divided by 32.
27
Calculate the remainder when 1650 is divided by 568.
514
Calculate the remainder when 978 is divided by 164.
158
Calculate the remainder when 100 is divided by 26.
22
What is the remainder when 1150 is divided by 14?
2
What is the remainder when 32 is divided by 21?
11
Calculate the remainder when 145 is divided by 52.
41
What is the remainder when 160 is divided by 123?
37
Calculate the remainder when 1415 is divided by 471.
2
What is the remainder when 178 is divided by 30?
28
Calculate the remainder when 144 is divided by 124.
20
Calculate the remainder when 991 is divided by 351.
289
Calculate the remainder when 300 is divided by 22.
14
What is the remainder when 1103 is divided by 483?
137
What is the remainder when 80 is divided by 27?
26
Calculate the remainder when 163 is divided by 12.
7
Calculate the remainder when 278 is divided by 29.
17
Calculate the remainder when 1149 is divided by 105.
99
Calculate the remainder when 2799 is divided by 24.
15
Calculate the remainder when 2898 is divided by 58.
56
Calculate the remainder when 63 is divided by 16.
15
What is the remainder when 153 is divided by 34?
17
Calculate the remainder when 316 is divided by 72.
28
What is the remainder when 358 is divided by 19?
16
Calculate the remainder when 23621 is divided by 45.
41
What is the remainder when 338 is divided by 179?
159
Calculate the remainder when 277 is divided by 155.
122
Calculate the remainder when 775 is divided by 197.
184
What is the remainder when 582 is divided by 290?
2
What is the remainder when 319 is divided by 153?
13
What is the remainder when 18 is divided by 16?
2
Calculate the remainder when 1034 is divided by 19.
8
Calculate the remainder when 98 is divided by 25.
23
Calculate the remainder when 66 is divided by 50.
16
Calculate the remainder when 744 is divided by 18.
6
What is the remainder when 111 is divided by 38?
35
What is the remainder when 236 is divided by 127?
109
Calculate the remainder when 1377 is divided by 46.
43
What is the remainder when 47 is divided by 30?
17
Calculate the remainder when 257 is divided by 78.
23
What is the remainder when 1180 is divided by 58?
20
Calculate the remainder when 597 is divided by 30.
27
Calculate the remainder when 124 is divided by 16.
12
Calculate the remainder when 1285 is divided by 8.
5
What is the remainder when 30 is divided by 16?
14
What is the remainder when 877 is divided by 88?
85
What is the remainder when 5233 is divided by 68?
65
Calculate the remainder when 3821 is divided by 13.
12
What is the remainder when 183 is divided by 5?
3
What is the remainder when 15994 is divided by 19?
15
What is the remainder when 13 is divided by 3?
1
What is the remainder when 1676 is divided by 419?
0
Calculate the remainder when 860 is divided by 50.
10
Calculate the remainder when 410 is divided by 59.
56
What is the remainder when 1070 is divided by 70?
20
What is the remainder when 251 is divided by 42?
41
Calculate the remainder when 615 is divided by 127.
107
Calculate the remainder when 288 is divided by 17.
16
Calculate the remainder when 1827 is divided by 39.
33
Calculate the remainder when 155 is divided by 26.
25
What is the remainder when 436 is divided by 199?
38
What is the remainder when 131 is divided by 30?
11
What is the remainder when 459 is divided by 145?
24
What is the remainder when 130 is divided by 114?
16
Calculate the remainder when 93 is divided by 5.
3
What is the remainder when 172 is divided by 8?
4
What is the remainder when 232 is divided by 61?
49
What is the remainder when 894 is divided by 151?
139
Calculate the remainder when 743 is divided by 34.
29
Calculate the remainder when 1862 is divided by 234.
224
Calculate the remainder when 281 is divided by 41.
35
What is the remainder when 116 is divided by 20?
16
Calculate the remainder when 63 is divided by 24.
15
What is the remainder when 4126 is divided by 243?
238
Calculate the remainder when 131 is divided by 6.
5
What is the remainder when 60 is divided by 19?
3
What is the remainder when 309 is divided by 70?
29
Calculate the remainder when 65 is divided by 26.
13
Calculate the remainder when 1114 is divided by 16.
10
Calculate the remainder when 177 is divided by 91.
86
What is the remainder when 8338 is divided by 269?
268
What is the remainder when 374 is divided by 158?
58
Calculate the remainder when 130 is divided by 18.
4
What is the remainder when 1441 is divided by 360?
1
What is the remainder when 